*g - 770. What are the prime factors of j?
2, 79
Let h(z) = 2*z**2 + 0*z**2 + 15*z**3 - 12 - 8*z**3 - 6*z**3 - 7*z. Let l be h(-3). Suppose l = 3*j - 5 - 22. List the prime factors of j.
3
Let t(j) = 2*j - 53. Let r = -41 + 41. Let x be t(r). Let y = x - -177. List the prime factors of y.
2, 31
Let n(m) = -9*m + 71. Let p be n(8). List the prime factors of (1041/6)/(p/(-2)).
347
What are the prime factors of (3/(24/10) + (-954)/424)*-3859?
17, 227
Let t(c) = c**3 - 73*c**2 + 128*c + 242. List the prime factors of t(72).
2, 2137
Let p(k) = -18*k**3 + 2*k**2 + 3*k + 2. Let l be p(-1). Suppose 4*a - 19 - 146 = -5*m, -5*m - 150 = -5*a. Let g = l + a. What are the prime factors of g?
2, 3
Let w = -64 + 87. Let z(i) = i**3 - 23*i**2 + 25*i - 56. List the prime factors of z(w).
3, 173
Suppose b + 5*c = 29, -4*b + 2*b + 84 = -3*c. Suppose -b*g = i - 35*g - 434, 2245 = 5*i - 5*g. List the prime factors of i.
2, 223
Let y = 9473 + -4664. List the prime factors of y.
3, 7, 229
Suppose 2*m - 4*a = 9022, -3*m + a + 5451 = -8077. What are the prime factors of m?
3, 167
Suppose 3*o - 13 - 11 = 0. Let l = 712 - 728. List the prime factors of o/(-2)*(564/l + 4).
5
Let t = -6298 - -12043. List the prime factors of t.
3, 5, 383
Suppose 0 = 18*u - 31*u + 2795. Let p = -144 + u. What are the prime factors of p?
71
Suppose 0 = -6*n - 19001 + 68195. Suppose -11*v = -n + 2028. List the prime factors of v.
3, 11, 17
Suppose 5*i - 2*a - 51237 = 0, 6*i - 30727 = 3*i + 5*a. List the prime factors of i.
37, 277
Let m(w) = 29*w + 16. Let q be m(-42). Let d = -599 - q. What are the prime factors of d?
3, 67
Suppose 316*l - 29157 = 1287299. What are the prime factors of l?
2, 2083
List the prime factors of 5/((-1)/1) - -12344 - -8.
12347
Suppose 22761*f + 492966 = 22795*f. List the prime factors of f.
3, 179
Let k be 139/((9 + -12)*1/(-3)). Suppose k + 1396 = 5*t. What are the prime factors of t?
307
Let q(j) = 5 + 2 + 16*j**2 - 11 + 19*j - 2. What are the prime factors of q(3)?
3, 5, 13
Let m = 22 - 20. Suppose -41 = m*c - 51. Suppose c*s + 287 = 2*r, 255 = 5*r + 3*s - 478. List the prime factors of r.
2, 73
Let g be (-10 - 0) + (0 - 0). Let x = -10 - g. Suppose -4*j + m + 168 = x, -4*j + 9 = 2*m - 171. List the prime factors of j.
43
Let v be (-3 + 2 + 2)/((-4)/(-32)). Suppose -3*p - v + 48 = -2*k, 4*p = k + 60. List the prime factors of p.
2
List the prime factors of 4 - 402578/11*(-2)/4.
3, 6101
Let i(b) = -2*b**3 + 8*b + 2962. What are the prime factors of i(0)?
2, 1481
Let h(g) = -g**3 - 7*g**2 - g - 5. Suppose -t + 28 = -5*t. Let s be h(t). Suppose -4*p + s*k = -63 - 23, -120 = -5*p + 5*k. List the prime factors of p.
19
Let a(l) = 498*l - 1375. What are the prime factors of a(29)?
73, 179
Suppose 5353 = 4*z + p, -3*z + 4*p + 1839 = -2190. Suppose -16*m + 5269 + z = 0. Suppose 0 = -7*l + m + 833. What are the prime factors of l?
2, 89
Let u = -3837 + 3796. Let c = -111 - -203. Let q = c + u. List the prime factors of q.
3, 17
Suppose -12*v - 2*u + 36 = -8*v, 5*u = v + 13. Suppose -5*a - s = -v*a + 1128, 5*a = -3*s + 2820. List the prime factors of a.
2, 3, 47
Let z(q) = -2*q**3 - 16*q**2 - 25*q + 1. Let w be z(-6). Let n(r) be the first derivative of 3*r**2/2 + 28*r - 1. List the prime factors of n(w).
7
What are the prime factors of 107*(-369)/(-6) + (-36)/(-72)?
6581
Let f = 2083 + 912. List the prime factors of f.
5, 599
Suppose -12*f = -9 - 27. What are the prime factors of -4 - f*9522/(-27)?
2, 17, 31
Suppose 0 = 6*o + 501 - 11085. Suppose 2*c - 673 = -t, -4*c = -5*t + o + 1545. What are the prime factors of t?
5, 7, 19
What are the prime factors of -1 + (1/3)/(18/2807730)?
2, 25997
Let w = 1379 + 6448. What are the prime factors of w?
3, 2609
Let z(l) = -l**3 - 39*l**2 - 191*l + 222. What are the prime factors of z(-45)?
3, 29, 241
Suppose 4138*o = 4129*o + 636255. What are the prime factors of o?
3, 5, 1571
Let r(c) = -27*c**2 - 16*c + 2. Let z be r(-1). Let n(p) be the third derivative of p**5/60 + 3*p**4/8 + 5*p**3/3 + p**2. List the prime factors of n(z).
2, 5
Suppose 0 = -27*n + 23*n + 1100. List the prime factors of n - (0 + -2 + 2 + 1).
2, 137
Let o(w) = w**3 + 11*w**2 - 6*w - 15. Let q be o(-11). Let n = -47 + q. Suppose -n*y - 2*l + 218 = 0, 0*y + 181 = 3*y - 2*l. What are the prime factors of y?
3, 19
List the prime factors of (-75741)/(-33) - ((-70)/77)/(-5).
3, 5, 17
Let m(g) = -g**3 - 8*g**2 + 9*g + 3. Suppose 2*p - 1 = p, 19 = -2*k + p. Let v be m(k). Suppose 0 = u - v*u + 12. List the prime factors of u.
2, 3
Let x(t) = -t**3 + 18*t**2 + 12*t + 114. What are the prime factors of x(-26)?
2, 11, 17, 79
Let n be (-28878)/(-6) - (3 - (1 + 1)). Suppose -5*y + x + n = 790, y - 808 = 2*x. List the prime factors of y.
2, 3, 67
Suppose -271*n + 258*n = 16809. Let t = 354 - n. What are the prime factors of t?
3, 61
Let q = -13731 + 22961. What are the prime factors of q?
2, 5, 13, 71
Let k = 14034 + -10882. List the prime factors of k.
2, 197
Suppose 3*b = 3*o - 213453, 273*o - 277*o - 4*b = -284596. List the prime factors of o.
2, 5, 1423
Suppose -20*l = -158810 + 2850. What are the prime factors of l?
2, 7, 557
Suppose 2*u + 620 = 6*u. Let l be (-35 - -32)*(-7 + 1 + -2). Let s = u - l. List the prime factors of s.
131
Let s be (-32236)/(-14) - 54/(-126). Suppose 35*u - 28*u = s. What are the prime factors of u?
7, 47
Let p = 5 + 18. Let a be 60/((-21)/p - -1). Suppose 71*f - 66*f = a. What are the prime factors of f?
2, 3, 23
What are the prime factors of ((-5816)/(-22))/((-13)/(-143))?
2, 727
Suppose 3*q - 3 = p, 0*q - 2*p - 6 = -3*q. Let l(f) = -f**2 - 2*f + 71. Let k be l(q). Suppose -j = -k - 2. List the prime factors of j.
73
Let c be 0 - (-2)/8 - 103182/(-232). Let s = c - 128. What are the prime factors of s?
317
Let h(c) = -c**3 + 10*c**2 - 21*c + 26. Let g be h(8). List the prime factors of (-6 - (-4445)/g)*-2.
647
Let t = 38421 - 2285. List the prime factors of t.
2, 4517
Let l be 6/((-5)/(15480/(-16))). Let i = l - 592. What are the prime factors of i?
569
Let a = -604 + 612. Suppose 0 = a*f + f - 4851. List the prime factors of f.
7, 11
Suppose 69*s - 1856175 = 3802745 - 1894211. What are the prime factors of s?
3, 13, 1399
Let j = -352 - -599. Suppose -25*f + j = -1078. What are the prime factors of f?
53
Let t be 6/(-4)*(9 + -3). Let c = 13 + t. What are the prime factors of c/8*2 + 94?
5, 19
Let h be 5/(28/36 - (-4)/18). Suppose -h*n + 0*n = -10. Suppose -3*l = -2*m - 149, -4*l + 224 = n*m + 44. What are the prime factors of l?
47
Let r be 1*14332/16 - 6/8. What are the prime factors of (r/15)/(18/324)?
2, 3, 179
What are the prime factors of (-9 - (-16)/3 - -5)*(1 + 33086)?
2, 41, 269
What are the prime factors of (-40)/(-4) + -12 - -2335?
2333
Let v be (1056/(-14))/((-243)/(-126) + -2). Let f = v + -796. What are the prime factors of f?
2, 5, 13
Let d(x) = -1746*x**3 + 52*x**2 + 163*x + 19. What are the prime factors of d(-3)?
2, 5, 2357
Let u(w) = w**3 - 75*w**2 + 133*w - 81. List the prime factors of u(74).
5, 857
Suppose -31*z + 250494 + 289484 = 158306. What are the prime factors of z?
2, 3, 19
Let r = 402 + 210. What are the prime factors of r?
2, 3, 17
Suppose -196378 = -5*n + j, -20*j = -n - 16*j + 39287. What are the prime factors of n?
5, 1571
Suppose 17*x = 21*x - 32*x + 538944. List the prime factors of x.
2, 3, 401
List the prime factors of (14 - 0/(-14)) + 8502.
2, 2129
Let r be 3276 + (-6)/21*-7 - 0. Suppose 5*v - 8488 = -r. List the prime factors of v.
2, 521
Suppose -3*d + 230 = -4*x, 0 = 5*d + x + 3*x - 362. Let n = d - -188. Suppose -3*i + n = -5*q, -99 = -i - 0*q + 4*q. List the prime factors of i.
79
Suppose 3*r - v + 4*v = 45, -43 = -3*r - 5*v. Let y be (r/20)/(2/115). Let f = y + -29. What are the prime factors of f?
17
Let x be (-22)/(-121) - (-1 - 39/(-33)). Suppose -28*s + 15*s + 9828 = x. List the prime factors of s.
2, 3, 7
Let w = -23 + -11. Let k = w + 42. Suppose k*g = 2*g + 78. List the prime factors of g.
13
Let v(d) = d**3 + 7*d**2 - 39*d + 328. What are the prime factors of v(17)?
7, 23, 41
Suppose 2*j + 23*j = -17700. Let s = -240 - j. List the prime factors of s.
2, 3, 13
Suppose 9*b + 5 = 10*b. Suppose -7*v = -2*v - 25, b*y = 4*v + 1310. List the prime factors of y.
2, 7, 19
Suppose 0 = -3*l - 4*y